{"id":3809,"date":"2021-03-12T15:16:45","date_gmt":"2021-03-12T15:16:45","guid":{"rendered":"https:\/\/tiendafinning.casanova.cl\/?post_type=product&#038;p=3809"},"modified":"2025-02-06T15:07:46","modified_gmt":"2025-02-06T15:07:46","slug":"cargador-frontal-cat-950m-serie-play-collect","status":"publish","type":"product","link":"https:\/\/tiendafinning.com\/index.php\/product\/cargador-frontal-cat-950m-serie-play-collect\/","title":{"rendered":"Cargador Frontal 950M Cat"},"content":{"rendered":"<ul>\n<li><strong>Estado de Art\u00edculo:<\/strong>\u00a0Nuevo<\/li>\n<li><strong>Accesorios:<\/strong>\u00a0No<\/li>\n<li><strong>Marca:<\/strong>\u00a0DieCast Masters<\/li>\n<li><strong>Modelo:<\/strong>\u00a0950M<\/li>\n<li><strong>Escala:<\/strong>\u00a01:64<\/li>\n<li><strong>Marca del veh\u00edculo:\u00a0<\/strong>Caterpillar<\/li>\n<li><b>C\u00f3digo:\u00a0<\/b>85692<\/li>\n<li><strong>Material:<\/strong>\u00a0Fundici\u00f3n<\/li>\n<li><strong>Color:\u00a0<\/strong>Amarillo<\/li>\n<li><strong>Rango de edad Recomendado:\u00a0<\/strong>14 <\/li>\n<li><strong>Dimensiones del producto:<\/strong>\u00a013cm x 4.5cm x 5.5cm<\/li>\n<li><strong>Dimensiones de la caja:\u00a0<\/strong>18cm x 7.5cm x 13cm<\/li>\n<li><strong>Peso del producto:<\/strong>\u00a0130Gr<\/li>\n<li><strong>Peso con caja:\u00a0<\/strong>200Gr<\/li>\n<\/ul>\n<p><strong><span style=\"font-size: 17px;\">Especificaciones:<\/span><\/strong><\/p>\n<ul>\n<li>Metal y pl\u00e1stico fundidos a presi\u00f3n.<\/li>\n<li>Ventanas transparentes y detalles interiores de la cabina.<\/li>\n<li>Dise\u00f1o aut\u00e9ntico de la banda de rodadura de los neum\u00e1ticos.<\/li>\n<li>Direcci\u00f3n, brazos y acoplador articulados.<\/li>\n<li>Embalaje de caja de ventana.<\/li>\n<\/ul>\n","protected":false},"excerpt":{"rendered":"<p>Mod: 950M<\/p>\n<p>Serie: Play &amp;\u00a0 Collect<\/p>\n<p>Escala 1:64<\/p>\n<p><img decoding=\"async\" class=\"alignnone wp-image-3218\" src=\"https:\/\/diecast.cl\/wp-content\/uploads\/2020\/11\/DM.png\" alt=\"\" width=\"143\" height=\"131\" \/><\/p>\n","protected":false},"featured_media":15442,"comment_status":"open","ping_status":"closed","template":"","meta":{"_joinchat":[]},"product_brand":[],"product_cat":[418],"product_tag":[230,112,113],"class_list":{"0":"post-3809","1":"product","2":"type-product","3":"status-publish","4":"has-post-thumbnail","6":"product_cat-cargadores-frontales","7":"product_tag-cargador-frontal","8":"product_tag-caterpillar","9":"product_tag-diecast-masters","11":"first","12":"outofstock","13":"shipping-taxable","14":"purchasable","15":"product-type-simple"},"_links":{"self":[{"href":"https:\/\/tiendafinning.com\/index.php\/wp-json\/wp\/v2\/product\/3809","targetHints":{"allow":["GET"]}}],"collection":[{"href":"https:\/\/tiendafinning.com\/index.php\/wp-json\/wp\/v2\/product"}],"about":[{"href":"https:\/\/tiendafinning.com\/index.php\/wp-json\/wp\/v2\/types\/product"}],"replies":[{"embeddable":true,"href":"https:\/\/tiendafinning.com\/index.php\/wp-json\/wp\/v2\/comments?post=3809"}],"wp:featuredmedia":[{"embeddable":true,"href":"https:\/\/tiendafinning.com\/index.php\/wp-json\/wp\/v2\/media\/15442"}],"wp:attachment":[{"href":"https:\/\/tiendafinning.com\/index.php\/wp-json\/wp\/v2\/media?parent=3809"}],"wp:term":[{"taxonomy":"product_brand","embeddable":true,"href":"https:\/\/tiendafinning.com\/index.php\/wp-json\/wp\/v2\/product_brand?post=3809"},{"taxonomy":"product_cat","embeddable":true,"href":"https:\/\/tiendafinning.com\/index.php\/wp-json\/wp\/v2\/product_cat?post=3809"},{"taxonomy":"product_tag","embeddable":true,"href":"https:\/\/tiendafinning.com\/index.php\/wp-json\/wp\/v2\/product_tag?post=3809"}],"curies":[{"name":"wp","href":"https:\/\/api.w.org\/{rel}","templated":true}]}}