{"id":24697,"date":"2025-08-12T10:21:25","date_gmt":"2025-08-12T10:21:25","guid":{"rendered":"https:\/\/tiendafinning.com\/?post_type=product&#038;p=24697"},"modified":"2025-10-14T15:25:47","modified_gmt":"2025-10-14T15:25:47","slug":"reloj-quartz-shockmaster-edicion-limitada-100-anos-caterpillar-2","status":"publish","type":"product","link":"https:\/\/tiendafinning.com\/index.php\/product\/reloj-quartz-shockmaster-edicion-limitada-100-anos-caterpillar-2\/","title":{"rendered":"Reloj quartz shockmaster (edici\u00f3n limitada 100 a\u00f1os) Caterpillar"},"content":{"rendered":"<p>Para quienes aprecian el dise\u00f1o y las robustas caracter\u00edsticas del Shockmaster, la colecci\u00f3n de edici\u00f3n limitada tambi\u00e9n incluye una versi\u00f3n de cuarzo del reloj que celebra su centenario. Ofreciendo precisi\u00f3n y fiabilidad, este modelo cuenta con la ic\u00f3nica construcci\u00f3n y dise\u00f1o resistente a los golpes, a la vez que ofrece una opci\u00f3n m\u00e1s accesible. Con su elegante rendimiento y atractivo atemporal, la edici\u00f3n de cuarzo permite a cada usuario experimentar una parte del legado centenario de Caterpillar: innovaci\u00f3n, fiabilidad y excelencia.<\/p>\n<ul>\n<li>MOVIMIENTO: CUARZO CITIZEN 2415 CON FECHA<\/li>\n<li>CAJA DE ACERO INOXIDABLE<\/li>\n<li>BRAZALETE CORREA DE SILICONA<\/li>\n<li>RESISTENTE AL AGUA 200 M &#8211; CORONA ATORNILLADA<\/li>\n<li>CRISTAL EXTRA RESISTENTE CON LUPA<\/li>\n<li>DI\u00c1METRO DE LA CAJA: 46 MM DE \u00d8<\/li>\n<li>GROSOR DE LA CAJA: 14 MM DE \u00d8<\/li>\n<\/ul>\n","protected":false},"excerpt":{"rendered":"<ul>\n<li>DI\u00c1METRO DE LA CAJA: 46 MM DE \u00d8<\/li>\n<li>GROSOR DE LA CAJA: 14 MM DE \u00d8<\/li>\n<li>CORREA DE SILICONA<\/li>\n<li>RESISTENTE AL AGUA 200 M<\/li>\n<\/ul>\n<p><img decoding=\"async\" class=\"alignnone wp-image-7587\" src=\"https:\/\/diecast.cl\/wp-content\/uploads\/2021\/05\/logo-cat-300x169.jpg\" alt=\"\" width=\"202\" height=\"114\" \/><\/p>\n","protected":false},"featured_media":24698,"comment_status":"open","ping_status":"closed","template":"","meta":{"_joinchat":[]},"product_brand":[],"product_cat":[315],"product_tag":[112,773,870],"class_list":{"0":"post-24697","1":"product","2":"type-product","3":"status-publish","4":"has-post-thumbnail","6":"product_cat-watches","7":"product_tag-caterpillar","8":"product_tag-relojes","9":"product_tag-s7-141-21-232","11":"first","12":"instock","13":"shipping-taxable","14":"purchasable","15":"product-type-simple"},"_links":{"self":[{"href":"https:\/\/tiendafinning.com\/index.php\/wp-json\/wp\/v2\/product\/24697","targetHints":{"allow":["GET"]}}],"collection":[{"href":"https:\/\/tiendafinning.com\/index.php\/wp-json\/wp\/v2\/product"}],"about":[{"href":"https:\/\/tiendafinning.com\/index.php\/wp-json\/wp\/v2\/types\/product"}],"replies":[{"embeddable":true,"href":"https:\/\/tiendafinning.com\/index.php\/wp-json\/wp\/v2\/comments?post=24697"}],"wp:featuredmedia":[{"embeddable":true,"href":"https:\/\/tiendafinning.com\/index.php\/wp-json\/wp\/v2\/media\/24698"}],"wp:attachment":[{"href":"https:\/\/tiendafinning.com\/index.php\/wp-json\/wp\/v2\/media?parent=24697"}],"wp:term":[{"taxonomy":"product_brand","embeddable":true,"href":"https:\/\/tiendafinning.com\/index.php\/wp-json\/wp\/v2\/product_brand?post=24697"},{"taxonomy":"product_cat","embeddable":true,"href":"https:\/\/tiendafinning.com\/index.php\/wp-json\/wp\/v2\/product_cat?post=24697"},{"taxonomy":"product_tag","embeddable":true,"href":"https:\/\/tiendafinning.com\/index.php\/wp-json\/wp\/v2\/product_tag?post=24697"}],"curies":[{"name":"wp","href":"https:\/\/api.w.org\/{rel}","templated":true}]}}