{"id":20907,"date":"2024-08-12T12:02:45","date_gmt":"2024-08-12T12:02:45","guid":{"rendered":"https:\/\/tiendafinning.com\/?post_type=product&#038;p=20907"},"modified":"2024-11-13T12:38:54","modified_gmt":"2024-11-13T12:38:54","slug":"reloj-caterpillar-5","status":"publish","type":"product","link":"https:\/\/tiendafinning.com\/index.php\/product\/reloj-caterpillar-5\/","title":{"rendered":"Reloj Caterpillar"},"content":{"rendered":"<p>RELOJ CAT HOMBRE<\/p>\n<p>Modelo MF-195-21-139 POWER A<\/p>\n<p>Cada reloj Cat abarca un dise\u00f1o innovador y una alta funcionalidad para ofrecer un s\u00f3lido desempe\u00f1o en varias situaciones activas. Los relojes Cat ofrecen el buen reloj para el hombre con gran hincapi\u00e9 en el dise\u00f1o casual y poderoso del reloj y la filosof\u00eda de la marca Caterpillar es sin\u00f3nimo de fiabilidad, durabilidad y tecnolog\u00eda de punta desde 1904.<\/p>\n<ul>\n<li>Material de caja: Policarbonato<\/li>\n<li>Tipo de cristal: Cristal Mineral extra duro<\/li>\n<li>Di\u00e1metro de caja: 49 mm<\/li>\n<li>A.T.M.: 10 ATM<\/li>\n<li>Movimiento: Cuarzo<\/li>\n<li>Material de la correa: Correa de silicona<\/li>\n<\/ul>\n","protected":false},"excerpt":{"rendered":"<p>Resistencia al agua: 100m<\/p>\n<p>Incluye: Caja de protecci\u00f3n<\/p>\n<p><img fetchpriority=\"high\" decoding=\"async\" class=\"alignnone size-medium wp-image-7587\" src=\"https:\/\/diecast.cl\/wp-content\/uploads\/2021\/05\/logo-cat-300x169.jpg\" alt=\"\" width=\"300\" height=\"169\" \/><\/p>\n","protected":false},"featured_media":20961,"comment_status":"open","ping_status":"closed","template":"","meta":{"_joinchat":[]},"product_brand":[],"product_cat":[315],"product_tag":[112,773],"class_list":{"0":"post-20907","1":"product","2":"type-product","3":"status-publish","4":"has-post-thumbnail","6":"product_cat-watches","7":"product_tag-caterpillar","8":"product_tag-relojes","10":"first","11":"outofstock","12":"shipping-taxable","13":"purchasable","14":"product-type-simple"},"_links":{"self":[{"href":"https:\/\/tiendafinning.com\/index.php\/wp-json\/wp\/v2\/product\/20907","targetHints":{"allow":["GET"]}}],"collection":[{"href":"https:\/\/tiendafinning.com\/index.php\/wp-json\/wp\/v2\/product"}],"about":[{"href":"https:\/\/tiendafinning.com\/index.php\/wp-json\/wp\/v2\/types\/product"}],"replies":[{"embeddable":true,"href":"https:\/\/tiendafinning.com\/index.php\/wp-json\/wp\/v2\/comments?post=20907"}],"wp:featuredmedia":[{"embeddable":true,"href":"https:\/\/tiendafinning.com\/index.php\/wp-json\/wp\/v2\/media\/20961"}],"wp:attachment":[{"href":"https:\/\/tiendafinning.com\/index.php\/wp-json\/wp\/v2\/media?parent=20907"}],"wp:term":[{"taxonomy":"product_brand","embeddable":true,"href":"https:\/\/tiendafinning.com\/index.php\/wp-json\/wp\/v2\/product_brand?post=20907"},{"taxonomy":"product_cat","embeddable":true,"href":"https:\/\/tiendafinning.com\/index.php\/wp-json\/wp\/v2\/product_cat?post=20907"},{"taxonomy":"product_tag","embeddable":true,"href":"https:\/\/tiendafinning.com\/index.php\/wp-json\/wp\/v2\/product_tag?post=20907"}],"curies":[{"name":"wp","href":"https:\/\/api.w.org\/{rel}","templated":true}]}}