{"id":13089,"date":"2023-02-02T18:24:28","date_gmt":"2023-02-02T18:24:28","guid":{"rendered":"https:\/\/tiendafinning.com\/?post_type=product&#038;p=13089"},"modified":"2025-12-04T20:18:41","modified_gmt":"2025-12-04T20:18:41","slug":"compactador-de-asfalto-cat","status":"publish","type":"product","link":"https:\/\/tiendafinning.com\/index.php\/product\/compactador-de-asfalto-cat\/","title":{"rendered":"Compactador de Asfalto Cat."},"content":{"rendered":"<div class=\"p-paragraph\">\n<p>Nuestro ejemplo del compactador de tambor de asfalto Cat\u00ae est\u00e1 hecho especialmente para sitios de construcci\u00f3n peque\u00f1os y obras viales.\u00a0Debido a la direcci\u00f3n en curva pronunciada, el compactador de tambor de asfalto Cat\u00ae tiene un radio de giro estrecho para maniobrar bien.\u00a0Nuestro juguete es una r\u00e9plica fiel y detallada del original, que se revela en el freno de mano y los pernos de los rodillos.\u00a0Este peque\u00f1o veh\u00edculo de construcci\u00f3n complementa a la perfecci\u00f3n nuestra flota de maquinaria de construcci\u00f3n.\u00a0Juegue con ella junto con nuestra minicargadora Cat\u00ae (art. n.\u00ba 02481, 02482 EE. UU.) y la miniexcavadora Schaeff HR16 (art. n.\u00ba 02432).<\/p>\n<h3 class=\"p-heading p-heading--h3\">chasis<\/h3>\n<div class=\"e-article-details__list-wrapper p-paragraph\">\n<ul class=\"articleHighlightsList\">\n<li>Radio de giro estrecho<\/li>\n<li>direcci\u00f3n articulada<\/li>\n<\/ul>\n<\/div>\n<h3 class=\"p-heading p-heading--h3\">com\u00fan<\/h3>\n<div class=\"e-article-details__list-wrapper p-paragraph\">\n<ul class=\"articleHighlightsList\">\n<li>\u00a1ADVERTENCIA!\u00a0No apto para ni\u00f1os menores de 36 meses.\u00a0Peligro de asfixia: piezas peque\u00f1as.<\/li>\n<li>Edad recomendada: a partir de 3 a\u00f1os para jugar en interior y exterior<\/li>\n<li>Fabricado con pl\u00e1sticos de alta calidad como ABS.<\/li>\n<li>Compatible con la figura<\/li>\n<li>Hecho por Bruder<\/li>\n<li>Escala 1:16<\/li>\n<\/ul>\n<\/div>\n<\/div>\n<div class=\"e-article-details__icon-wrapper\"><img decoding=\"async\" class=\"e-article-details__icon\" src=\"https:\/\/www.bruder.de\/fileadmin\/user_upload\/shopware_media\/4e\/da\/7f\/badge-age-3.jpg\" alt=\"Edad recomendada: a partir de 3 a\u00f1os para jugar en interior y exterior\" width=\"67\" height=\"79\" \/><img decoding=\"async\" class=\"e-article-details__icon\" src=\"https:\/\/www.bruder.de\/fileadmin\/user_upload\/shopware_media\/1d\/c5\/21\/badge-bruder-germany.jpg\" alt=\"Hecho por Bruder\" width=\"75\" height=\"75\" \/><img decoding=\"async\" class=\"e-article-details__icon\" src=\"https:\/\/www.bruder.de\/fileadmin\/user_upload\/shopware_media\/36\/8b\/04\/badge-funktion-lenkbar.jpg\" alt=\"direcci\u00f3n articulada\" width=\"75\" height=\"75\" \/><img loading=\"lazy\" decoding=\"async\" class=\"e-article-details__icon\" src=\"https:\/\/www.bruder.de\/fileadmin\/user_upload\/shopware_media\/b0\/bd\/db\/badge-3-years.jpg\" alt=\"\u00a1ADVERTENCIA! No apto para ni\u00f1os menores de 36 meses. Peligro de asfixia: piezas peque\u00f1as.\" width=\"75\" height=\"75\" \/><a href=\"https:\/\/www.bruder.de\/en\/hints\/hints-bworld.html\"><img loading=\"lazy\" decoding=\"async\" class=\"e-article-details__icon\" src=\"https:\/\/www.bruder.de\/fileadmin\/user_upload\/shopware_media\/54\/f0\/c7\/badge-bworld.jpg\" alt=\"Compatible con la figura\" width=\"75\" height=\"84\" \/><\/a><\/div>\n","protected":false},"excerpt":{"rendered":"<p>Tama\u00f1o: 18 x 9,2 x 17,5 cm.<\/p>\n<p>Edad recomendada: +3<\/p>\n<p>Material: Pl\u00e1sticos de alta calidad como ABS<\/p>\n<p>Escala 1:16<\/p>\n<p><img loading=\"lazy\" decoding=\"async\" class=\"alignnone wp-image-3611\" src=\"https:\/\/diecast.cl\/wp-content\/uploads\/2021\/02\/Bruder-Logo-300x103.png\" alt=\"\" width=\"248\" height=\"85\" \/><\/p>\n","protected":false},"featured_media":13090,"comment_status":"open","ping_status":"closed","template":"","meta":{"_joinchat":[]},"product_brand":[],"product_cat":[425],"product_tag":[185,289,112,246,542,114,543],"class_list":{"0":"post-13089","1":"product","2":"type-product","3":"status-publish","4":"has-post-thumbnail","6":"product_cat-jugueteria","7":"product_tag-bruder","8":"product_tag-cat","9":"product_tag-caterpillar","10":"product_tag-construccion","11":"product_tag-juguete","12":"product_tag-mineria","13":"product_tag-ninos","15":"first","16":"instock","17":"shipping-taxable","18":"purchasable","19":"product-type-simple"},"_links":{"self":[{"href":"https:\/\/tiendafinning.com\/index.php\/wp-json\/wp\/v2\/product\/13089","targetHints":{"allow":["GET"]}}],"collection":[{"href":"https:\/\/tiendafinning.com\/index.php\/wp-json\/wp\/v2\/product"}],"about":[{"href":"https:\/\/tiendafinning.com\/index.php\/wp-json\/wp\/v2\/types\/product"}],"replies":[{"embeddable":true,"href":"https:\/\/tiendafinning.com\/index.php\/wp-json\/wp\/v2\/comments?post=13089"}],"wp:featuredmedia":[{"embeddable":true,"href":"https:\/\/tiendafinning.com\/index.php\/wp-json\/wp\/v2\/media\/13090"}],"wp:attachment":[{"href":"https:\/\/tiendafinning.com\/index.php\/wp-json\/wp\/v2\/media?parent=13089"}],"wp:term":[{"taxonomy":"product_brand","embeddable":true,"href":"https:\/\/tiendafinning.com\/index.php\/wp-json\/wp\/v2\/product_brand?post=13089"},{"taxonomy":"product_cat","embeddable":true,"href":"https:\/\/tiendafinning.com\/index.php\/wp-json\/wp\/v2\/product_cat?post=13089"},{"taxonomy":"product_tag","embeddable":true,"href":"https:\/\/tiendafinning.com\/index.php\/wp-json\/wp\/v2\/product_tag?post=13089"}],"curies":[{"name":"wp","href":"https:\/\/api.w.org\/{rel}","templated":true}]}}