{"id":12996,"date":"2022-11-08T12:23:37","date_gmt":"2022-11-08T12:23:37","guid":{"rendered":"https:\/\/tiendafinning.com\/?post_type=product&#038;p=12996"},"modified":"2023-07-13T13:12:35","modified_gmt":"2023-07-13T13:12:35","slug":"mototrailla-cat-621k-bulldozer-d7-cat","status":"publish","type":"product","link":"https:\/\/tiendafinning.com\/index.php\/product\/mototrailla-cat-621k-bulldozer-d7-cat\/","title":{"rendered":"Mototrailla 621K Cat &#038; Bulldozer D7 Cat"},"content":{"rendered":"<p><span style=\"font-size: 17px;\"><strong>Descripci\u00f3n:<\/strong><\/span><\/p>\n<ul>\n<li><strong>Estado de Art\u00edculo:<\/strong>\u00a0Nuevo<\/li>\n<li><strong>Accesorios:<\/strong> Si<\/li>\n<li><strong>Marca:<\/strong>\u00a0DieCast Masters<\/li>\n<li><strong>Modelo:<\/strong> 621K   D7<\/li>\n<li><strong>Escala:<\/strong> 1:50<\/li>\n<li><strong>Marca de Veh\u00edculo:<\/strong>\u00a0Caterpillar<\/li>\n<li><strong>C\u00f3digo:\u00a0<\/strong>85563<\/li>\n<li><strong>Rango de edad recomendado:<\/strong>\u00a014 <\/li>\n<li><strong>Dimensiones del producto: <\/strong>621K: 28 x 7 x 7.5 cm \/ D7: 78 x 7 x 6.5 cm<\/li>\n<li><strong>Peso del producto:<\/strong> 1kg.<\/li>\n<li><strong>Material:<\/strong>\u00a0Fundici\u00f3n<\/li>\n<li><strong>Color:<\/strong>\u00a0Amarillo<\/li>\n<\/ul>\n<p><span style=\"font-size: 17px;\"><strong>Especificaciones:<\/strong><\/span><\/p>\n<ul>\n<li>Modelo detallado de metal fundido a presi\u00f3n CAT 621K y tractor de cadenas CAT D7 con raspador n.\u00ba 70<\/li>\n<li>Pintura amarilla aut\u00e9ntica de m\u00e1quina CAT y imagen comercial para CAT 621K Tra\u00edlla 70<\/li>\n<li>Interior detallado de la cabina con la figura del operador, figura extra\u00edble del operador espec\u00edfica de la era para el tractor de cadenas D7<\/li>\n<li>Orugas met\u00e1licas m\u00f3viles realistas<\/li>\n<li>Direcci\u00f3n articulada<\/li>\n<li>Taz\u00f3n y fald\u00f3n totalmente ajustables<\/li>\n<li>Ruedas rodantes con detalle de la banda de rodadura del neum\u00e1tico<\/li>\n<li>Los modelos de la Serie Evolution se montan sobre bases especiales y se colocan en empaques con tapa abatible de calidad, protegidos por una funda exterior negra.\u00a0Un folleto a todo color, incluido con los modelos, rastrea la evoluci\u00f3n de la m\u00e1quina en palabras e im\u00e1genes.<\/li>\n<\/ul>\n","protected":false},"excerpt":{"rendered":"<p>Escala: 1:50<\/p>\n<p>Serie: Evolution<\/p>\n<p><img fetchpriority=\"high\" decoding=\"async\" class=\"alignnone wp-image-8007 size-full\" src=\"https:\/\/diecast.cl\/wp-content\/uploads\/2021\/05\/diecastmaster-logo-e1667994263109.png\" alt=\"\" width=\"235\" height=\"215\" \/><\/p>\n","protected":false},"featured_media":15576,"comment_status":"open","ping_status":"closed","template":"","meta":{"_joinchat":[]},"product_brand":[],"product_cat":[445],"product_tag":[203,246,113,115],"class_list":{"0":"post-12996","1":"product","2":"type-product","3":"status-publish","4":"has-post-thumbnail","6":"product_cat-mototrillas","7":"product_tag-203","8":"product_tag-construccion","9":"product_tag-diecast-masters","10":"product_tag-mototrailla","12":"first","13":"outofstock","14":"featured","15":"shipping-taxable","16":"purchasable","17":"product-type-simple"},"_links":{"self":[{"href":"https:\/\/tiendafinning.com\/index.php\/wp-json\/wp\/v2\/product\/12996","targetHints":{"allow":["GET"]}}],"collection":[{"href":"https:\/\/tiendafinning.com\/index.php\/wp-json\/wp\/v2\/product"}],"about":[{"href":"https:\/\/tiendafinning.com\/index.php\/wp-json\/wp\/v2\/types\/product"}],"replies":[{"embeddable":true,"href":"https:\/\/tiendafinning.com\/index.php\/wp-json\/wp\/v2\/comments?post=12996"}],"wp:featuredmedia":[{"embeddable":true,"href":"https:\/\/tiendafinning.com\/index.php\/wp-json\/wp\/v2\/media\/15576"}],"wp:attachment":[{"href":"https:\/\/tiendafinning.com\/index.php\/wp-json\/wp\/v2\/media?parent=12996"}],"wp:term":[{"taxonomy":"product_brand","embeddable":true,"href":"https:\/\/tiendafinning.com\/index.php\/wp-json\/wp\/v2\/product_brand?post=12996"},{"taxonomy":"product_cat","embeddable":true,"href":"https:\/\/tiendafinning.com\/index.php\/wp-json\/wp\/v2\/product_cat?post=12996"},{"taxonomy":"product_tag","embeddable":true,"href":"https:\/\/tiendafinning.com\/index.php\/wp-json\/wp\/v2\/product_tag?post=12996"}],"curies":[{"name":"wp","href":"https:\/\/api.w.org\/{rel}","templated":true}]}}