{"id":23636,"date":"2025-05-22T12:38:25","date_gmt":"2025-05-22T12:38:25","guid":{"rendered":"https:\/\/tiendafinning.com\/empresas\/?post_type=product&#038;p=23636"},"modified":"2026-02-05T19:51:49","modified_gmt":"2026-02-05T19:51:49","slug":"tractor-caterpillar-del-2000-edicion-100-anos","status":"publish","type":"product","link":"https:\/\/tiendafinning.com\/empresas\/index.php\/product\/tractor-caterpillar-del-2000-edicion-100-anos\/","title":{"rendered":"Tractor Caterpillar del 2000 edici\u00f3n 100 a\u00f1os"},"content":{"rendered":"<p><strong><span>Dimensiones del producto:\u00a0<\/span><\/strong>2,25 x 1,25 x 1,5 pulgadas.<\/p>\n<p><span>Cuando el tractor Caterpillar Twenty sali\u00f3 al mercado en 1927, nadie podr\u00eda haber imaginado el impacto que tendr\u00eda. Este elegante, productivo y popular tractor de 20 caballos de fuerza se situ\u00f3 en el extremo inferior de una l\u00ednea de productos existente que consist\u00eda en dise\u00f1os heredados de Best y Holt, las dos empresas que se fusionaron para formar Caterpillar en 1925.<\/span><\/p>\n<p><span>Sin embargo, su principal m\u00e9rito fue que el Twenty fue la primera m\u00e1quina fabricada \u00edntegramente por Caterpillar desde cero. En resumen, los precedentes de ingenier\u00eda y dise\u00f1o establecidos por Caterpillar durante el desarrollo del Twenty sentaron las bases de su primer siglo.<\/span><\/p>\n<p><span>Hoy en d\u00eda, Caterpillar cuenta con 300 m\u00e1quinas en su l\u00ednea global de productos. Cada una de estas m\u00e1quinas tiene su origen en la Caterpillar Twenty original.<\/span><\/p>\n<p><span>Ahora, Diecast Masters presenta la historia que puedes sostener en tus manos: un modelo a escala 1:50 del Caterpillar Twenty, elaborado con maestr\u00eda, fabricado en metal fundido a presi\u00f3n resistente y detallado con el esquema de pintura gris y rojo original de 1927 y el logotipo de Caterpillar &#8220;estilo oruga&#8221;. Es una excelente adici\u00f3n a cualquier colecci\u00f3n.<\/span><\/p>\n<p><strong>Caracter\u00edsticas y detalles:<\/strong><\/p>\n<ul>\n<li>\n<p style=\"font-weight: 400;\"><span>Se muestra sobre una base negra con el logotipo oficial del aniversario de Caterpillar.<\/span><\/p>\n<\/li>\n<li>\n<p style=\"font-weight: 400;\"><span>Con el esquema de pintura original gris y rojo.<\/span><\/p>\n<\/li>\n<li>\n<p style=\"font-weight: 400;\"><span>Detalles meticulosos que incluyen logotipo y imagen comercial.<\/span><\/p>\n<\/li>\n<li>\n<p style=\"font-weight: 400;\"><span>Incluye una tarjeta de coleccionista con ilustraciones y especificaciones vintage.<\/span><\/p>\n<\/li>\n<\/ul>\n<p>&nbsp;<\/p>\n","protected":false},"excerpt":{"rendered":"<p>Escala: 1:50<\/p>\n<p>Material: metal<\/p>\n<p><img decoding=\"async\" class=\"alignnone wp-image-8007\" src=\"https:\/\/diecast.cl\/wp-content\/uploads\/2021\/05\/diecastmaster-logo-e1667994263109.png\" alt=\"\" width=\"142\" height=\"130\" \/><\/p>\n","protected":false},"featured_media":23740,"comment_status":"open","ping_status":"closed","template":"","meta":{"_joinchat":[]},"product_brand":[],"product_cat":[668],"product_tag":[848,289,218],"class_list":{"0":"post-23636","1":"product","2":"type-product","3":"status-publish","4":"has-post-thumbnail","6":"product_cat-guantes","7":"product_tag-848","8":"product_tag-cat","9":"product_tag-diecast","11":"first","12":"outofstock","13":"featured","14":"taxable","15":"shipping-taxable","16":"purchasable","17":"product-type-simple"},"_links":{"self":[{"href":"https:\/\/tiendafinning.com\/empresas\/index.php\/wp-json\/wp\/v2\/product\/23636","targetHints":{"allow":["GET"]}}],"collection":[{"href":"https:\/\/tiendafinning.com\/empresas\/index.php\/wp-json\/wp\/v2\/product"}],"about":[{"href":"https:\/\/tiendafinning.com\/empresas\/index.php\/wp-json\/wp\/v2\/types\/product"}],"replies":[{"embeddable":true,"href":"https:\/\/tiendafinning.com\/empresas\/index.php\/wp-json\/wp\/v2\/comments?post=23636"}],"wp:featuredmedia":[{"embeddable":true,"href":"https:\/\/tiendafinning.com\/empresas\/index.php\/wp-json\/wp\/v2\/media\/23740"}],"wp:attachment":[{"href":"https:\/\/tiendafinning.com\/empresas\/index.php\/wp-json\/wp\/v2\/media?parent=23636"}],"wp:term":[{"taxonomy":"product_brand","embeddable":true,"href":"https:\/\/tiendafinning.com\/empresas\/index.php\/wp-json\/wp\/v2\/product_brand?post=23636"},{"taxonomy":"product_cat","embeddable":true,"href":"https:\/\/tiendafinning.com\/empresas\/index.php\/wp-json\/wp\/v2\/product_cat?post=23636"},{"taxonomy":"product_tag","embeddable":true,"href":"https:\/\/tiendafinning.com\/empresas\/index.php\/wp-json\/wp\/v2\/product_tag?post=23636"}],"curies":[{"name":"wp","href":"https:\/\/api.w.org\/{rel}","templated":true}]}}