{"id":21334,"date":"2024-10-17T15:37:18","date_gmt":"2024-10-17T15:37:18","guid":{"rendered":"https:\/\/tiendafinning.com\/empresas\/?post_type=product&#038;p=21334"},"modified":"2024-11-13T13:54:34","modified_gmt":"2024-11-13T13:54:34","slug":"excavadora-de-ruedas-para-ferrocarril-m323f-cat-2","status":"publish","type":"product","link":"https:\/\/tiendafinning.com\/empresas\/index.php\/product\/excavadora-de-ruedas-para-ferrocarril-m323f-cat-2\/","title":{"rendered":"Excavadora de ruedas para ferrocarril M323F Cat"},"content":{"rendered":"<ul>\n<li><strong>Estado del art\u00edculo:<\/strong>\u00a0Nuevo<\/li>\n<li><strong>Accesorios:<\/strong>\u00a0Si<\/li>\n<li><strong>Fabricante:<\/strong>\u00a0Diecast Masters<\/li>\n<li><strong>Modelo:\u00a0<\/strong>M323F<\/li>\n<li><strong>Escala:<\/strong>\u00a01:87<\/li>\n<li><strong>Marca:<\/strong>\u00a0Caterpillar<\/li>\n<li><strong>C\u00f3digo:<\/strong>\u00a085612<\/li>\n<li><strong>Rango de edad recomendado:<\/strong>\u00a014+<\/li>\n<li><strong>Dimensiones del producto:\u00a0<\/strong>10cm x 4.5cm x 3cm<\/li>\n<li><strong>Dimensiones de la caja:\u00a0<\/strong>15.5cm x 8.5cm x 6.5cm<\/li>\n<li><strong>Peso del producto:\u00a0<\/strong>80Gr<\/li>\n<li><strong>Peso con caja:\u00a0<\/strong>290Gr<\/li>\n<li><strong>Material:<\/strong>\u00a0Fundici\u00f3n<\/li>\n<li><strong>Color:<\/strong>\u00a0Amarillo<\/li>\n<\/ul>\n<p>Aut\u00e9ntico modelo hecho de metal fundido a presi\u00f3n.<br \/>\nNeum\u00e1ticos de goma reales.<br \/>\nInterior y exterior detallado.<br \/>\nEl cuerpo principal gira 360\u00b0.<br \/>\nLa pluma sube y baja.<br \/>\nLos estabilizadores y las ruedas de las v\u00edas del ferrocarril suben y bajan.<br \/>\nNeum\u00e1tico aut\u00e9ntico dise\u00f1o de la banda de rodadura.<\/p>\n","protected":false},"excerpt":{"rendered":"<p>Escala 1:87<\/p>\n<p>Material: Metal<\/p>\n<p><img decoding=\"async\" class=\"alignnone wp-image-8007\" src=\"https:\/\/diecast.cl\/wp-content\/uploads\/2021\/05\/diecastmaster-logo-e1667994263109.png\" alt=\"\" width=\"142\" height=\"130\" \/><\/p>\n","protected":false},"featured_media":21335,"comment_status":"open","ping_status":"closed","template":"","meta":{"_joinchat":[]},"product_brand":[],"product_cat":[413],"product_tag":[289,218],"class_list":{"0":"post-21334","1":"product","2":"type-product","3":"status-publish","4":"has-post-thumbnail","6":"product_cat-excavadoras","7":"product_tag-cat","8":"product_tag-diecast","10":"first","11":"outofstock","12":"featured","13":"taxable","14":"shipping-taxable","15":"purchasable","16":"product-type-simple"},"_links":{"self":[{"href":"https:\/\/tiendafinning.com\/empresas\/index.php\/wp-json\/wp\/v2\/product\/21334","targetHints":{"allow":["GET"]}}],"collection":[{"href":"https:\/\/tiendafinning.com\/empresas\/index.php\/wp-json\/wp\/v2\/product"}],"about":[{"href":"https:\/\/tiendafinning.com\/empresas\/index.php\/wp-json\/wp\/v2\/types\/product"}],"replies":[{"embeddable":true,"href":"https:\/\/tiendafinning.com\/empresas\/index.php\/wp-json\/wp\/v2\/comments?post=21334"}],"wp:featuredmedia":[{"embeddable":true,"href":"https:\/\/tiendafinning.com\/empresas\/index.php\/wp-json\/wp\/v2\/media\/21335"}],"wp:attachment":[{"href":"https:\/\/tiendafinning.com\/empresas\/index.php\/wp-json\/wp\/v2\/media?parent=21334"}],"wp:term":[{"taxonomy":"product_brand","embeddable":true,"href":"https:\/\/tiendafinning.com\/empresas\/index.php\/wp-json\/wp\/v2\/product_brand?post=21334"},{"taxonomy":"product_cat","embeddable":true,"href":"https:\/\/tiendafinning.com\/empresas\/index.php\/wp-json\/wp\/v2\/product_cat?post=21334"},{"taxonomy":"product_tag","embeddable":true,"href":"https:\/\/tiendafinning.com\/empresas\/index.php\/wp-json\/wp\/v2\/product_tag?post=21334"}],"curies":[{"name":"wp","href":"https:\/\/api.w.org\/{rel}","templated":true}]}}