{"id":13828,"date":"2023-04-13T13:19:38","date_gmt":"2023-04-13T13:19:38","guid":{"rendered":"https:\/\/tiendafinning.com\/?page_id=13828"},"modified":"2023-04-13T14:46:42","modified_gmt":"2023-04-13T14:46:42","slug":"ppcasas-de-envio","status":"publish","type":"page","link":"https:\/\/tiendafinning.com\/empresas\/index.php\/ppcasas-de-envio\/","title":{"rendered":"Pol\u00edticas y Opciones de Env\u00edo"},"content":{"rendered":"\r\n<h1 class=\"wp-block-heading\"><span style=\"color: #000000;\">Casas de env\u00edo<\/span><\/h1>\r\n\r\n\r\n\r\n<p>Si al momento de finalizar tu compra seleccionas la opci\u00f3n de env\u00edo por pagar este ser\u00e1 enviado por la casa de env\u00edo que elijas. Nos contactaremos al numero de tel\u00e9fono proporcionado para corroborar datos como direcci\u00f3n, Rut y modalidad de env\u00edo. Una vez que nos aseguremos que los datos est\u00e1n correctos y el cliente lo autorice, se realizar\u00e1 el env\u00edo. Este ser\u00e1 despechado a la casa de env\u00edo con un tiempo de al menos 48hrs.<\/p>\r\n\r\n\r\n\r\n<p>El costo del env\u00edo depende netamente de la compa\u00f1\u00eda y el cobro de este siempre ser\u00e1 por pagar. Una vez que sea enviado su pedido le llegar\u00e1 el comprobante con el cual podr\u00e1 hacer seguimiento de este y realizar cualquier tipo de consultas.<\/p>\r\n\r\n\r\n\r\n<p>El tiempo de llegada hasta el domicilio o sucursal depender\u00e1 solo de la casa de env\u00edo seleccionada y de sus pol\u00edticas. No nos haremos responsables por demoras, extrav\u00edos o mal estado del paquete, cualquier tipo de reclamo debe ser notificado a la compa\u00f1\u00eda de env\u00edos.<\/p>\r\n\r\n\r\n\r\n<p>Estas son las opciones de casas de env\u00edo que te ofrecemos:<\/p>\r\n\r\n\r\n\r\n<ul class=\"wp-block-list\">\r\n<li>Starken<\/li>\r\n\r\n\r\n\r\n<li>Chilexpress<\/li>\r\n\r\n\r\n\r\n<li>Correos de Chile<\/li>\r\n<\/ul>\r\n\r\n\r\n\r\n<h2 class=\"wp-block-heading\"><span style=\"color: #000000;\">Delivery<\/span><\/h2>\r\n\r\n\r\n\r\n<p>Este tipo de env\u00edo solo est\u00e1 disponible en algunas comunas de la regi\u00f3n metropolitana y tiene un costo adicional de $5.000 pesos, los cuales deber\u00e1n ser cancelados junto con el total de la compra. El tiempo de entrega ser\u00e1 de 24 a 48hrs h\u00e1biles. En caso de retraso, extrav\u00edo o da\u00f1o por favor contactar con vendedor lo antes posible para solucionar cualquier tipo de problema. No nos haremos responsables por inconvenientes no notificados en un plazo de 10 d\u00edas despu\u00e9s de la recepci\u00f3n del producto.<\/p>\r\n\r\n\r\n\r\n<p>Las comunas cubiertas son:<\/p>\r\n\r\n\r\n\r\n<ul class=\"wp-block-list\">\r\n<li><strong>Cerrillos<\/strong><\/li>\r\n\r\n\r\n\r\n<li><strong>Cerro Navia<\/strong><\/li>\r\n\r\n\r\n\r\n<li><strong>Conchal\u00ed<\/strong><\/li>\r\n\r\n\r\n\r\n<li><strong>El Bosque<\/strong><\/li>\r\n\r\n\r\n\r\n<li><strong>Estaci\u00f3n Central<\/strong><\/li>\r\n\r\n\r\n\r\n<li><strong>Huechuraba<\/strong><\/li>\r\n\r\n\r\n\r\n<li><strong>Independencia<\/strong><\/li>\r\n\r\n\r\n\r\n<li><strong>La Cisterna<\/strong><\/li>\r\n\r\n\r\n\r\n<li><strong>La Florida<\/strong><\/li>\r\n\r\n\r\n\r\n<li><strong>La Granja<\/strong><\/li>\r\n\r\n\r\n\r\n<li><strong>La Reina<\/strong><\/li>\r\n\r\n\r\n\r\n<li><strong>Las Condes<\/strong><\/li>\r\n\r\n\r\n\r\n<li><strong>Lo Barnechea<\/strong><\/li>\r\n\r\n\r\n\r\n<li><strong>Lo Espejo<\/strong><\/li>\r\n\r\n\r\n\r\n<li><strong>Lo Prado<\/strong><\/li>\r\n\r\n\r\n\r\n<li><strong>Macul<\/strong><\/li>\r\n\r\n\r\n\r\n<li><strong>Maip\u00fa<\/strong><\/li>\r\n\r\n\r\n\r\n<li><strong>\u00d1u\u00f1oa<\/strong><\/li>\r\n\r\n\r\n\r\n<li><strong>Pedro Aguirre Cerda<\/strong><\/li>\r\n\r\n\r\n\r\n<li><strong>Pe\u00f1alol\u00e9n<\/strong><\/li>\r\n\r\n\r\n\r\n<li><strong>Providencia<\/strong><\/li>\r\n\r\n\r\n\r\n<li><strong>Pudahuel<\/strong><\/li>\r\n\r\n\r\n\r\n<li><strong>Quilicura<\/strong><\/li>\r\n\r\n\r\n\r\n<li><strong>Quinta Normal<\/strong><\/li>\r\n\r\n\r\n\r\n<li><strong>Recoleta<\/strong><\/li>\r\n\r\n\r\n\r\n<li><strong>Renca<\/strong><\/li>\r\n\r\n\r\n\r\n<li><strong>San Joaqu\u00edn<\/strong><\/li>\r\n\r\n\r\n\r\n<li><strong>San Miguel<\/strong><\/li>\r\n\r\n\r\n\r\n<li><strong>San Ram\u00f3n<\/strong><\/li>\r\n\r\n\r\n\r\n<li><strong>Santiago<\/strong><\/li>\r\n\r\n\r\n\r\n<li><strong>Vitacura<\/strong><\/li>\r\n<\/ul>\r\n\r\n\r\n\r\n<p>El retiro en tienda tambi\u00e9n est\u00e1 disponible al finalizar la compra, puedes realizar tu pago una vez que asistas a retirar tu producto.<\/p>\r\n\r\n\r\n\r\n<p>En caso de cualquier duda por favor cont\u00e1ctanos al siguiente n\u00famero +56 9 3457 8940<\/p>\r\n\r\n\r\n","protected":false},"excerpt":{"rendered":"<p>Casas de env\u00edo Si al momento de finalizar tu compra seleccionas la opci\u00f3n de env\u00edo por pagar este ser\u00e1 enviado por la casa de env\u00edo que elijas. Nos contactaremos al numero de tel\u00e9fono proporcionado para corroborar datos como direcci\u00f3n, Rut y modalidad de env\u00edo. Una vez que nos aseguremos que los datos est\u00e1n correctos y [&#8230;]\n","protected":false},"author":1,"featured_media":0,"parent":0,"menu_order":0,"comment_status":"closed","ping_status":"closed","template":"","meta":{"_joinchat":[],"footnotes":""},"class_list":["post-13828","page","type-page","status-publish","hentry"],"_links":{"self":[{"href":"https:\/\/tiendafinning.com\/empresas\/index.php\/wp-json\/wp\/v2\/pages\/13828","targetHints":{"allow":["GET"]}}],"collection":[{"href":"https:\/\/tiendafinning.com\/empresas\/index.php\/wp-json\/wp\/v2\/pages"}],"about":[{"href":"https:\/\/tiendafinning.com\/empresas\/index.php\/wp-json\/wp\/v2\/types\/page"}],"author":[{"embeddable":true,"href":"https:\/\/tiendafinning.com\/empresas\/index.php\/wp-json\/wp\/v2\/users\/1"}],"replies":[{"embeddable":true,"href":"https:\/\/tiendafinning.com\/empresas\/index.php\/wp-json\/wp\/v2\/comments?post=13828"}],"version-history":[{"count":4,"href":"https:\/\/tiendafinning.com\/empresas\/index.php\/wp-json\/wp\/v2\/pages\/13828\/revisions"}],"predecessor-version":[{"id":13843,"href":"https:\/\/tiendafinning.com\/empresas\/index.php\/wp-json\/wp\/v2\/pages\/13828\/revisions\/13843"}],"wp:attachment":[{"href":"https:\/\/tiendafinning.com\/empresas\/index.php\/wp-json\/wp\/v2\/media?parent=13828"}],"curies":[{"name":"wp","href":"https:\/\/api.w.org\/{rel}","templated":true}]}}